inder when 1486 is divided by 494?
4
Calculate the remainder when 810 is divided by 378.
54
Calculate the remainder when 1180 is divided by 232.
20
What is the remainder when 213 is divided by 73?
67
Calculate the remainder when 345 is divided by 108.
21
What is the remainder when 131 is divided by 45?
41
What is the remainder when 332 is divided by 135?
62
What is the remainder when 47 is divided by 27?
20
Calculate the remainder when 985 is divided by 7.
5
Calculate the remainder when 1885 is divided by 46.
45
What is the remainder when 7978 is divided by 35?
33
What is the remainder when 159 is divided by 85?
74
What is the remainder when 217 is divided by 12?
1
Calculate the remainder when 37 is divided by 10.
7
Calculate the remainder when 167 is divided by 10.
7
Calculate the remainder when 299 is divided by 17.
10
Calculate the remainder when 2545 is divided by 73.
63
What is the remainder when 6372 is divided by 85?
82
What is the remainder when 397 is divided by 13?
7
Calculate the remainder when 14259 is divided by 92.
91
What is the remainder when 1726 is divided by 216?
214
What is the remainder when 2950 is divided by 18?
16
What is the remainder when 278 is divided by 70?
68
Calculate the remainder when 338 is divided by 34.
32
What is the remainder when 157 is divided by 72?
13
Calculate the remainder when 643 is divided by 19.
16
Calculate the remainder when 1344 is divided by 181.
77
Calculate the remainder when 2800 is divided by 104.
96
What is the remainder when 41 is divided by 32?
9
What is the remainder when 739 is divided by 45?
19
What is the remainder when 212 is divided by 104?
4
Calculate the remainder when 1458 is divided by 19.
14
What is the remainder when 253 is divided by 64?
61
What is the remainder when 440 is divided by 27?
8
Calculate the remainder when 931 is divided by 5.
1
Calculate the remainder when 5990 is divided by 428.
426
What is the remainder when 850 is divided by 38?
14
What is the remainder when 105 is divided by 57?
48
Calculate the remainder when 113 is divided by 19.
18
Calculate the remainder when 906 is divided by 26.
22
What is the remainder when 13954 is divided by 358?
350
What is the remainder when 99943 is divided by 248?
247
What is the remainder when 3312 is divided by 277?
265
What is the remainder when 1691 is divided by 43?
14
What is the remainder when 1319 is divided by 60?
59
What is the remainder when 283 is divided by 10?
3
What is the remainder when 145 is divided by 51?
43
Calculate the remainder when 358 is divided by 166.
26
What is the remainder when 1245 is divided by 794?
451
What is the remainder when 119 is divided by 9?
2
Calculate the remainder when 32 is divided by 4.
0
What is the remainder when 1589 is divided by 49?
21
What is the remainder when 238 is divided by 24?
22
Calculate the remainder when 23199 is divided by 65.
59
Calculate the remainder when 107 is divided by 83.
24
Calculate the remainder when 370 is divided by 127.
116
Calculate the remainder when 390 is divided by 24.
6
What is the remainder when 65 is divided by 7?
2
Calculate the remainder when 413 is divided by 53.
42
Calculate the remainder when 2515 is divided by 74.
73
Calculate the remainder when 254 is divided by 43.
39
What is the remainder when 567 is divided by 10?
7
Calculate the remainder when 10408 is divided by 124.
116
What is the remainder when 272 is divided by 69?
65
Calculate the remainder when 85 is divided by 18.
13
What is the remainder when 185 is divided by 34?
15
What is the remainder when 104 is divided by 15?
14
What is the remainder when 510 is divided by 30?
0
Calculate the remainder when 5318 is divided by 10.
8
Calculate the remainder when 26 is divided by 20.
6
Calculate the remainder when 1483 is divided by 11.
9
What is the remainder when 1426 is divided by 706?
14
What is the remainder when 287 is divided by 67?
19
What is the remainder when 627 is divided by 212?
203
What is the remainder when 9661 is divided by 24?
13
What is the remainder when 9 is divided by 6?
3
Calculate the remainder when 152 is divided by 26.
22
Calculate the remainder when 1289 is divided by 130.
119
What is the remainder when 140 is divided by 36?
32
What is the remainder when 426 is divided by 108?
102
Calculate the remainder when 101 is divided by 18.
11
Calculate the remainder when 3622 is divided by 260.
242
Calculate the remainder when 181 is divided by 52.
25
Calculate the remainder when 11579 is divided by 60.
59
What is the remainder when 320 is divided by 198?
122
Calculate the remainder when 1229 is divided by 65.
59
Calculate the remainder when 471 is divided by 43.
41
Calculate the remainder when 94 is divided by 25.
19
Calculate the remainder when 1761 is divided by 36.
33
What is the remainder when 233 is divided by 5?
3
Calculate the remainder when 517 is divided by 30.
7
What is the remainder when 2857 is divided by 29?
15
What is the remainder when 152 is divided by 40?
32
Calculate the remainder when 12606 is divided by 34.
26
What is the remainder when 160 is divided by 24?
16
Calculate the remainder when 231 is divided by 99.
33
What is the remainder when 66 is divided by 26?
14
Calculate the remainder when 1223 is divided by 321.
260
Calculate the remainder when 307 is divided by 32.
19
What is the remainder when 43 is divided by 11?
10
What is the remainder when 2374 is divided by 44?
42
Calculate the remainder when 649 is divided by 162.
1
Calculate the remainder when 167 is divided by 29.
22
Calculate the remainder when 758 is divided by 185.
18
Calculate the remainder when 18 is divided by 4.
2
What is the remainder when 82 is divided by 41?
0
What is the remainder when 376 is divided by 27?
25
What is the remainder when 4102 is divided by 10?
2
Calculate the remainder when 44 is divided by 9.
8
What is the remainder when 2959 is divided by 63?
61
Calculate the remainder when 172 is divided by 29.
27
Calculate the remainder when 375 is divided by 7.
4
What is the remainder when 6120 is divided by 2040?
0
What is the remainder when 169 is divided by 166?
3
Calculate the remainder when 209 is divided by 43.
37
Calculate the remainder when 2370 is divided by 19.
14
Calculate the remainder when 1392 is divided by 182.
118
What is the remainder when 27025 is divided by 233?
230
Calculate the remainder when 850 is divided by 92.
22
What is the remainder when 38133 is divided by 84?
81
What is the remainder when 2539 is divided by 2524?
15
Calculate the remainder when 291 is divided by 286.
5
What is the remainder when 141 is divided by 66?
9
What is the remainder when 296 is divided by 15?
11
What is the remainder when 585 is divided by 5?
0
Calculate the remainder when 769 is divided by 86.
81
What is the remainder when 2057 is divided by 510?
17
What is the remainder when 26 is divided by 5?
1
What is the remainder when 209 is divided by 26?
1
What is the remainder when 102176 is divided by 77?
74
Calculate the remainder when 8431 is divided by 8.
7
Calculate the remainder when 831 is divided by 234.
129
Calculate the remainder when 128 is divided by 3.
2
What is the remainder when 970 is divided by 162?
160
What is the remainder when 749 is divided by 183?
17
What is the remainder when 485 is divided by 251?
234
What is the remainder when 69 is divided by 65?
4
Calculate the remainder when 1292 is divided by 25.
17
What is the remainder when 139 is divided by 5?
4
Calculate the remainder when 129 is divided by 77.
52
Calculate the remainder when 336 is divided by 189.
147
What is the remainder when 117 is divided by 20?
17
What is the remainder when 207 is divided by 11?
9
What is the remainder when 129 is divided by 27?
21
What is the remainder when 593 is divided by 108?
53
Calculate the remainder when 853 is divided by 31.
16
What is the remainder when 1071 is divided by 29?
27
Calculate the remainder when 1444 is divided by 249.
199
Calculate the remainder when 568 is divided by 114.
112
What is the remainder when 523 is divided by 70?
33
Calculate the remainder when 40 is divided by 21.
19
Calculate the remainder when 143 is divided by 70.
3
What is the remainder when 1170 is divided by 396?
378
Calculate the remainder when 125 is divided by 9.
8
What